ors of r(t)?
3
Let o be (-1 - -15)*(-30)/(-4). What are the prime factors of ((-28)/(-5))/(6/o)?
2, 7
Let c be -3 - (-2 - (2 - 1)). Suppose c = 4*q + q - 720. What are the prime factors of q?
2, 3
Suppose 2*u + 20 = -3*u, -73 = -3*b - 5*u. Suppose -44 - b = -p. List the prime factors of p.
3, 5
Suppose -2*p = -2*i - 170, 0*p + p = 4*i + 79. Suppose -v = 4*x - p, 62 = 3*v - 4*x - 151. List the prime factors of v.
3, 5
Let v(q) = 32*q + 36. Let b(k) = k - 1. Let d(r) = 16*b(r) - v(r). List the prime factors of d(-7).
2, 3, 5
Let y be 414/((-4)/((-16)/6)). What are the prime factors of ((-3)/2)/((-9)/y)?
2, 23
Let z = -433 - -3001. What are the prime factors of z?
2, 3, 107
Let b = -9 + 5. Let r(k) = -3*k - 10. Let f be r(b). Suppose -34 = -f*o - 8. List the prime factors of o.
13
Suppose b = -n - 98, 2*b - 462 = 4*n + n. Let m = 95 - n. What are the prime factors of m?
3, 7
Let v be 25/(-5)*(1 + 9/(-5)). Suppose -1143 = -5*k - v*k. List the prime factors of k.
127
Suppose 2*s = -b + 629, 930 = 3*s + 10*b - 13*b. What are the prime factors of s?
313
Suppose -s + 15 - 13 = 0. List the prime factors of (s*-6)/3 + 28.
2, 3
Let y = 77 - 116. List the prime factors of (1 + 2)/((-3)/y).
3, 13
Let g(l) = -l + 10. Let z be g(7). Let y(i) = -i**3 - i**2 - 2*i - 2. Let b be y(-2). Suppose t = z*v - 16, 2*v - 5*t + b = -t. List the prime factors of v.
7
Let x(f) = f**3 - 7*f**2 + 7*f - 3. Let u be x(6). Suppose -g - 439 = -2*m, -u*g + 5 - 2 = 0. List the prime factors of m.
2, 5, 11
What are the prime factors of 795*9/(225/10)?
2, 3, 53
Suppose -10668 = -25*o - 3493. What are the prime factors of o?
7, 41
Suppose 5*o = -5, -189*o + 9839 = 2*g - 192*o. What are the prime factors of g?
2, 2459
Suppose 4*l = -4*q + 2232, 5*q - q + 543 = l. List the prime factors of l.
3, 5, 37
Let k be -1*(-4)/(8/6). Suppose -4*y - y + 20 = 0, k*y = 4*l - 328. Let s = l - 57. What are the prime factors of s?
2, 7
Let l = 172 - 53. Suppose 3*d = -4*d + l. List the prime factors of d.
17
Let t(f) be the first derivative of -f**3/3 + 5*f**2 - f + 46. Let d = -6 - -13. List the prime factors of t(d).
2, 5
Let l = -137 + 369. List the prime factors of l.
2, 29
Let v(b) = -b**2 + 6*b + 4. Let r be v(6). Suppose 0*l = -c + l + 10, 4*c = -5*l + r. Let t = c + 22. What are the prime factors of t?
2, 7
Let h = 1106 - 581. List the prime factors of h.
3, 5, 7
Let v be 7/2 + (-3)/2. Suppose -v*k + 4 + 6 = 0. What are the prime factors of k?
5
Suppose -157 = -16*x - 29. What are the prime factors of x?
2
Let y = -720 + 1103. What are the prime factors of y?
383
What are the prime factors of (906/(-4))/((-63)/630)?
3, 5, 151
Let k = 392 - 218. List the prime factors of k.
2, 3, 29
Let w = 139 - 45. List the prime factors of w.
2, 47
Let r(g) = 17*g**2 + 7*g - 4. Let p be r(8). What are the prime factors of 1/(5*3/p)?
2, 19
Suppose -3*s + 7*o - 9*o = -4007, s = -2*o + 1337. What are the prime factors of s?
3, 5, 89
Suppose 2*k - 6*k + 588 = 0. Suppose -15*l = -18*l + k. Suppose -18 = o - l. What are the prime factors of o?
31
Suppose 14*n = 17*n - 252. Suppose -n = -6*o + 3*o. What are the prime factors of o?
2, 7
Let u = 221 + 538. List the prime factors of u.
3, 11, 23
Let a(j) = 4*j**2 + j - 4. Let b = 14 + -17. Let s = 6 + b. What are the prime factors of a(s)?
5, 7
Suppose 0 = 8*b - 5*b - 15. Suppose 3 = 3*k + 3*f - 0, -3*k = -b*f - 19. Suppose -116 = -l - k*l. List the prime factors of l.
29
Let j(n) be the second derivative of 53*n**4/12 - n**3/3 - n**2/2 - 13*n. What are the prime factors of j(-1)?
2, 3
Suppose -619 = -o - 2*o + 5*x, 4*o + 4*x - 772 = 0. List the prime factors of o.
2, 3, 11
Suppose -2*w + 9 = w. Suppose 3*y = 4*n + 10, -2*y + w*n = y - 15. List the prime factors of 204/y + (-4)/10.
2, 5
Let z(k) = 34*k**2 + 1. Let y(c) = -c**2 - 6*c + 1. Let p be y(-7). Let o = 7 + p. What are the prime factors of z(o)?
5, 7
Let o(q) = -q**3 + 11*q**2 + 2. Let s = 25 - 14. Let f be o(s). Suppose g + 5*l - 13 = 24, -5*g + 50 = -f*l. List the prime factors of g.
2, 3
Let x(u) = -u**3 - 9*u**2 - 5*u - 3. Let r be x(-11). Suppose -4*m + 2*d = -382, 3*m - 3*d - d = r. List the prime factors of m.
2, 47
Let x(d) be the third derivative of d**5/60 + d**4/2 - d**3/6 - 3*d**2. Let w(l) be the first derivative of x(l). What are the prime factors of w(15)?
2, 3, 7
Suppose 9*q - 1397 - 1006 = 0. Suppose 1401 - q = 7*j. What are the prime factors of j?
2, 3
Let d be 3/((-1)/(-1)) + 527. List the prime factors of (3/(-6))/((-5)/d).
53
Let h(w) be the second derivative of w**3/6 - 4*w**2 + 6*w. Let y be h(11). Suppose 0 = -3*u, 0 = y*f - 3*u + 2*u - 24. What are the prime factors of f?
2
Suppose 2*m - 5*w - 168 = 0, -3*m + 171 = 2*w - 43. Suppose 0 = c + 26 - m. What are the prime factors of c?
2, 3
Let u(h) = -h + 3*h**2 + h + 10 + 8*h - 3*h. What are the prime factors of u(-8)?
2, 3
Suppose 0 = -4*r + 386 - 1582. What are the prime factors of (r - -3)/(-4) - 3?
71
Let y(w) = w**2 + 5*w + 4. Let i be y(-4). Suppose -4*a = -o + 51, 0 = 5*a - i*a - 20. What are the prime factors of o?
67
Let f = 1628 - 654. List the prime factors of f.
2, 487
Suppose -2*n - 2956 = -2*s, -4*s + 3607 = -5*n - 2307. What are the prime factors of s?
2, 3, 41
Let s(k) = 14*k - 25. Suppose -6*i + 60 = 12. What are the prime factors of s(i)?
3, 29
Let s be (-1 + 37)*(4 + -1). Let d be 13/65 + s/10. Suppose 0*v + v - d = 2*g, v = -5*g - 17. List the prime factors of v.
3
Let y = 538 - 280. List the prime factors of y.
2, 3, 43
Let z = 294 - 229. What are the prime factors of z?
5, 13
Let m be 474/(-30) + (-3)/15. What are the prime factors of (-16 + 76)*(m/(-5))/2?
2, 3
Let i(z) = z + 24. Suppose 48 = 35*s - 32*s. What are the prime factors of i(s)?
2, 5
Suppose -30 - 57 = -3*i. Let c = i + -25. Suppose 0 = 5*g - 0*y - y - 64, -c*g + 28 = 5*y. What are the prime factors of g?
2, 3
Let i(k) = 3*k - 29. Let d be i(15). Let b(p) = 10*p - 10. What are the prime factors of b(d)?
2, 3, 5
Let z(d) = d**2 + d + 3. Let w be z(0). Suppose 2*y - w*y + 20 = 0. Suppose 46 = 3*i - y. What are the prime factors of i?
2, 11
Let f(g) = 14*g**3 - g**2 + 9*g - 25. What are the prime factors of f(6)?
7, 431
Suppose -49*d + 61625 + 66265 = 0. List the prime factors of d.
2, 3, 5, 29
Let m = 64 - 34. Let v = m - 14. Suppose 4*k - v - 24 = 0. List the prime factors of k.
2, 5
Let t(z) be the third derivative of -z**5/60 - z**4/4 - z**3 - 106*z**2. Let m = -10 - -6. List the prime factors of t(m).
2
Suppose -2*n - n = -36. Let z(u) = -9*u - u**2 - 7 + n + 10. What are the prime factors of z(-7)?
29
Suppose -51*y - 15753 + 92355 = 0. List the prime factors of y.
2, 751
Suppose 0 = -35*t + 36*t - 143. List the prime factors of t.
11, 13
Suppose 8*p = -27*p + 14315. What are the prime factors of p?
409
Suppose 11*m - 4*a = 10*m + 2413, 0 = -4*m - 5*a + 9631. List the prime factors of m.
3, 11, 73
Let o(g) = 8*g + 17*g - 10 - 4*g - g**2 - 4*g. What are the prime factors of o(16)?
2, 3
Let a be 21/(-14) - 11/(-2). Let b(l) = 5*l**3 - 4*l**2 + 10*l - 14. What are the prime factors of b(a)?
2, 3, 47
Let d(w) = 4*w**2 - 4*w + 4. Let k(l) = -2*l**2 + 2*l - 2. Let f(u) = 6*d(u) + 11*k(u). Let m be f(3). Suppose -j + m + 1 = 0. What are the prime factors of j?
3, 5
Suppose -3*h - 6 = -21. Suppose c + 518 = h*l, -l - 4*l + 506 = 3*c. Suppose -2*n + 29 = y - 5*n, -l = -4*y - n. What are the prime factors of y?
2, 13
Suppose 8*n - 12*n + 4*f = -2576, -2*f = n - 650. What are the prime factors of n?
2, 17, 19
Let x(z) be the second derivative of z**6/60 + z**5/30 - 2*z**4/3 - 6*z. Let c(k) be the third derivative of x(k). What are the prime factors of c(3)?
2, 5
Suppose -10*j = -7*j. Suppose -5*i + 186 + 99 = j. What are the prime factors of i?
3, 19
Let x be (-1)/((-11)/(-801)) - (-54)/(-297). Let r = 143 + x. What are the prime factors of r?
2, 5, 7
Suppose 200 = 3*t + w, -4*w = -0*t + t - 74. Suppose -5*f + 4*f + t = 0. What are the prime factors of f?
2, 3, 11
Let l be 4/(-14) + (-240)/(-56). Suppose -l*a = 5*w + a - 25, w - 5 = 5*a. Suppose 4*v = 4*z - 44, 2*v + 36 = -z + w*z. What are the prime factors of z?
7
Let a = -15 + 18. Suppose -3*u + 77 = a*o - 2*o, -2*o + 154 = u. List the prime factors of o.
7, 11
Let t be (-1200)/32*148/(-6). Suppose 5*n 